3 + 22*q**2 + 19*q - 2. What is the remainder when t(-1) is divided by 131?
128
Let q = 14042 + -12306. Calculate the remainder when q is divided by 244.
28
Let t(a) = 20*a**2 + 35*a - 200. What is the remainder when t(9) is divided by 31?
30
Let o = -2088 + 2424. What is the remainder when 349 is divided by o?
13
Suppose -12*n + 10*n + 2*l + 28 = 0, 0 = 5*n + 2*l - 105. Calculate the remainder when 160 is divided by n.
8
Let d = 20 - 40. Let a be ((-8)/20)/(4/d). Calculate the remainder when 64 is divided by 11/4*(a + 10).
31
Let a = 136 - 92. What is the remainder when a is divided by 26?
18
Let u = -15 + 21. Let v be 3/(-4) + 18/(-96)*-20. Suppose 0 = -v*x + 26 + 4. Calculate the remainder when x is divided by u.
4
Suppose b + 372 = 4*b. Suppose -3*g - 72 = -n, 170 - 136 = 2*n + 5*g. Calculate the remainder when b is divided by n.
40
Let x(m) = -m - 14. Let j be x(-7). Let s(k) = 2*k**2 + 10*k. Let w be s(j). Calculate the remainder when 53 is divided by (-6)/(-14) - (4 - 492/w).
11
Let i = 12700 + -12489. Calculate the remainder when i is divided by 13.
3
Let v = -10121 - -10163. What is the remainder when 14657 is divided by v?
41
Let t = -141 + 140. Let d(j) = -22*j**3 - j**2 - 5*j - 3. Calculate the remainder when d(t) is divided by 7.
2
Suppose -206*x + 203*x + 3*z + 21 = 0, 0 = 4*x + 2*z - 70. What is the remainder when 597 is divided by x?
9
Let a be 24/48 - (108/8)/(-3). Suppose 0 = 5*r + 5*o - 665, -3*r + r + a*o + 238 = 0. Calculate the remainder when r is divided by 41.
6
Suppose -a + 0 = -3. Suppose 3*z - 17 = -n - 6, 5*z = a*n + 37. Suppose -z*c + 15 = -10. Calculate the remainder when 28 is divided by c.
3
Let k(c) = c**3 + c**2 - 7*c - 9. Let b be k(4). Suppose 8*v = 179 - b. Calculate the remainder when 44 is divided by v.
10
Suppose 285*t - 282*t = -2*k - 3, -39 = -4*k + 3*t. Calculate the remainder when 1408 is divided by k.
4
Let c(t) = 39*t**2 + 3*t + 4. Let k be c(-3). Suppose 25*b - b = -37*b + 5246. Suppose -k = -9*x + b. What is the remainder when x is divided by 27?
21
Suppose -2*d + 19 = -d. What is the remainder when (-258)/(-9) - (-2)/(-3) is divided by d?
9
Let x(v) = 5*v + 166. Let k be x(-12). Suppose 262 = 39*m + k. What is the remainder when 34 is divided by m?
2
Suppose 35*c - 32*c - 1152 = 3*t, -3*c - t = -1172. Let g = 393 - c. Let x(s) = 34*s. Calculate the remainder when x(1) is divided by g.
2
Suppose 3*u + 1068 = -3*j, 111 = 4*u + j + 1520. Let r = -338 - u. What is the remainder when 116 is divided by r?
12
Let m(y) = 35 + 13*y**2 + 2*y - 14 - 2*y**3 - 15 - 8*y. Let l be m(6). Suppose g + l = 3*g. Calculate the remainder when 25 is divided by g.
1
Let q(k) = k**3 - 15*k**2 + 44*k - 4. Calculate the remainder when 460 is divided by q(12).
0
Suppose 0 = -5*n + 10*n - 3*r - 1029, 0 = 3*n - 4*r - 613. What is the remainder when 212 is divided by n?
5
Let s = 528 - 476. Suppose 5*m + s = 1277. Calculate the remainder when m is divided by 23.
15
Calculate the remainder when (277*2/(-8))/((-1297)/5188) is divided by 16.
5
Let h be (248/10)/(((-24)/(-10))/6). Suppose 18*p - 350 + h = 0. What is the remainder when 830 is divided by p?
14
Suppose 9*z + 957 = 1398. Let o(u) = -7*u - 3. Let f be o(-3). Suppose f*q - 15*q - 15 = 0. Calculate the remainder when z is divided by q.
4
Let n(i) = -i**3 + 75*i**2 - 644*i - 25. Suppose 3*g = 4*b - 2*g - 113, -2*g = 10. What is the remainder when n(10) is divided by b?
13
Let i(u) = -126*u + 1553. What is the remainder when i(10) is divided by 274?
19
Suppose -4*d + 3*l = -276, 3*d = -2*l + 127 + 63. Calculate the remainder when 13791 is divided by d.
63
Suppose 0 = 45*f - 43*f - 8. Calculate the remainder when (f/18)/((-78)/(-16146)) is divided by 27.
19
Let s(d) = 166*d - 156. What is the remainder when 2519 is divided by s(1)?
9
Calculate the remainder when 2/22 - (-3793808)/2948 is divided by 37.
29
Let f be (1 - 0)*(-9 + 14). Let h be 11/(((-25)/15)/f). Calculate the remainder when 1446/33 - 6/h is divided by 16.
12
What is the remainder when 1347 is divided by ((0 - -1)*-1 + -2)*(-7030)/111?
17
Suppose -8*h + 20 = -13*h, -328 = -4*j + 4*h. What is the remainder when 2960 is divided by j?
74
Let c(p) = -37*p**2 - 2*p. Let i = -13 + 15. Let l be c(i). Calculate the remainder when 54 is divided by l/20*(-5)/2.
16
What is the remainder when 317 is divided by (-14)/(1274/(-6695)) + 4/(-7)?
25
Let z(a) = 5*a**2 + 52*a - 225. Let t be z(5). Suppose -68*j + t = -48*j. What is the remainder when 142 is divided by j?
6
Suppose 3*q - 6 = q. Suppose w = -3*l + 125, 2*w - 241 = -0*l - q*l. Suppose -5*j + w = -j. Calculate the remainder when 86 is divided by j.
28
Suppose u = -3 - 2, 494 = 3*b - 4*u. Calculate the remainder when b is divided by 52.
2
Let t(d) = d + 1. Let l be t(1). Suppose -4*i = 5*q - 94, -26 = -4*i - l*q + 62. Calculate the remainder when 188 is divided by i.
20
Let d = 988 + -905. Let v = 37 + -9. Calculate the remainder when d is divided by v.
27
What is the remainder when 855 is divided by (10865/40 - -8) + 51/136?
15
Let x(y) = 254*y - 144*y + y**2 - 161 - 138*y. Calculate the remainder when x(-7) is divided by (-3)/(-2)*18 + 2.
26
What is the remainder when 413 is divided by ((-15)/3 + 6)/(3 + 1040/(-348))?
65
Let m = 9 + 2. Let s(l) be the third derivative of -l**5/60 + 13*l**4/24 - 5*l**3/6 + 11*l**2. Calculate the remainder when s(m) is divided by 10.
7
Suppose -1025*q + 2664 = -989*q. Calculate the remainder when 1327 is divided by q.
69
Let m = -49 + 54. Suppose m*n + 270 = r, -3*r - 13 + 229 = -4*n. Let g = 101 + n. What is the remainder when g is divided by 12?
11
Let x(r) = r**3 - 17*r**2 + 30*r + 10. Let y(o) = -o**3 + 9*o**2 + o - 18. Calculate the remainder when y(7) is divided by x(15).
7
Let w(u) be the third derivative of -u**4/4 - 2*u**3/3 - 6*u**2. Let f be w(-3). Calculate the remainder when (19 - f)*(-59)/(-5) is divided by 16.
11
Let d = -377 - -738. Suppose -8*f = 11*f - d. Calculate the remainder when 66 is divided by f.
9
Let i = -392 - -680. Suppose -5*g - 4*k + i = 0, -315 = 22*g - 27*g + 5*k. What is the remainder when 297 is divided by g?
57
Suppose -5*t = -5*r - 435, 36*t + 4*r - 240 = 33*t. Let a(d) = 2*d**3 - 7*d**2 + 1. Calculate the remainder when t is divided by a(4).
16
Suppose 0 = -3*o + 19*o. Suppose o = -5*p - 5*k + 85, 4*k = -p + 9*k + 29. Calculate the remainder when 303 is divided by p.
18
Let a = 25684 - 25386. What is the remainder when 2387 is divided by a?
3
Let a = 406 - 358. Calculate the remainder when (1 + 0)/(1/131) is divided by a.
35
Let c be 4 - (-4 + -3 + 11). Suppose c = -4*w + 201 + 95. What is the remainder when 32 is divided by 2/(-8) - w/(-8)?
5
Suppose 5*v - 327 = -2*x, x + 68 = -5*v + 399. Suppose -72*w + 175 = -v*w. Calculate the remainder when w is divided by 9.
8
Let z(j) = j**3 + 27*j**2 - 119*j + 171. What is the remainder when 778 is divided by z(-31)?
10
Suppose 12*y - 276*y + 25080 = 0. Let q(r) = 2*r**2 + r - 3. Calculate the remainder when y is divided by q(4).
29
Suppose w - 5 = 0, 3*k + 0*k - w - 91 = 0. Suppose -1042*r = -982*r - 3720. Calculate the remainder when r is divided by k.
30
Let o = 734 + 18. What is the remainder when o is divided by 28?
24
Let u(t) = -9*t + 6. Let b be u(3). Let p = -51 + 24. Let q = b - p. What is the remainder when 16 is divided by q?
4
Let r = 5833 - -780. What is the remainder when r is divided by 135?
133
Calculate the remainder when 997 is divided by (-4)/6*33/22*(-13 - -9).
1
Let y(n) = -6*n**2 - 67*n + 5. Suppose -53*z + 121 = -64*z. What is the remainder when 493 is divided by y(z)?
13
What is the remainder when (-6)/(-8) - 429/(-66)*195/6 is divided by 15?
2
Suppose -3627 = -12*g + 43*g. Let y = 130 + g. What is the remainder when 48 is divided by y?
9
Suppose -874 = -4*f - l + 147, -5*l + 5 = 0. Calculate the remainder when 9943 is divided by f.
253
Let c(g) be the second derivative of g**3/3 - 23*g**2 + 116*g. Calculate the remainder when 33 is divided by c(27).
1
Let v(j) = j**3 - 9*j**2 + 9*j + 8. Let q be v(8). Let k be 4/q + 3/(-12). Calculate the remainder when 36 is divided by (-2 - k)*(-133)/14.
17
Let s(o) = o**3 + 6*o**2 + 13. Let n be s(-4). Suppose -42 = -3*d - 5*v, 0 = -3*d - d - 3*v + n. Calculate the remainder when 89 is di